{"id":517,"date":"2022-10-22T17:22:17","date_gmt":"2022-10-22T15:22:17","guid":{"rendered":"http:\/\/czar-klaudii.pl\/?page_id=517"},"modified":"2026-03-28T18:08:27","modified_gmt":"2026-03-28T17:08:27","slug":"diamond-czar-klaudii-kiki","status":"publish","type":"page","link":"https:\/\/bialy-diament.pl\/?page_id=517","title":{"rendered":"DIAMOND Czar Klaudii &#8222;Kiki&#8221;"},"content":{"rendered":"\t\t<div data-elementor-type=\"wp-page\" data-elementor-id=\"517\" class=\"elementor elementor-517\">\n\t\t\t\t\t\t<section class=\"elementor-section elementor-top-section elementor-element elementor-element-740e81b8 elementor-section-boxed elementor-section-height-default elementor-section-height-default\" data-id=\"740e81b8\" data-element_type=\"section\">\n\t\t\t\t\t\t<div class=\"elementor-container elementor-column-gap-default\">\n\t\t\t\t\t<div class=\"elementor-column elementor-col-100 elementor-top-column elementor-element elementor-element-7e8cd580\" data-id=\"7e8cd580\" data-element_type=\"column\">\n\t\t\t<div class=\"elementor-widget-wrap elementor-element-populated\">\n\t\t\t\t\t\t\t<\/div>\n\t\t<\/div>\n\t\t\t\t\t<\/div>\n\t\t<\/section>\n\t\t\t\t<section class=\"elementor-section elementor-top-section elementor-element elementor-element-4ab58ed elementor-section-boxed elementor-section-height-default elementor-section-height-default\" data-id=\"4ab58ed\" data-element_type=\"section\">\n\t\t\t\t\t\t<div class=\"elementor-container elementor-column-gap-default\">\n\t\t\t\t\t<div class=\"elementor-column elementor-col-100 elementor-top-column elementor-element elementor-element-90893a2\" data-id=\"90893a2\" data-element_type=\"column\">\n\t\t\t<div class=\"elementor-widget-wrap elementor-element-populated\">\n\t\t\t\t\t\t<div class=\"elementor-element elementor-element-f6ae86d elementor-widget elementor-widget-text-editor\" data-id=\"f6ae86d\" data-element_type=\"widget\" data-widget_type=\"text-editor.default\">\n\t\t\t\t<div class=\"elementor-widget-container\">\n\t\t\t\t\t\t\t\t\t<h1>DIAMOND Czar Klaudii<\/h1><p style=\"margin: 0px; font-stretch: normal; font-size: 20px; line-height: normal; font-family: 'Helvetica Neue'; color: #676767;\"><b>CMO-0<\/b><\/p><p style=\"margin: 0px; font-stretch: normal; font-size: 20px; line-height: normal; font-family: 'Helvetica Neue'; color: #676767;\">M\u0142odzie\u017cowy Champion Polski<\/p><p style=\"margin: 0px; font-stretch: normal; font-size: 20px; line-height: normal; font-family: 'Helvetica Neue'; color: #676767;\">Champion Polski<\/p><p style=\"margin: 0px; font-stretch: normal; font-size: 20px; line-height: normal; font-family: 'Helvetica Neue'; color: #676767;\">Ojciec: <b>SHOWMAN FROM Superbia<\/b>: M\u0141.CH.PL., M\u0141.CH.HU, M\u0141.CH.SK, M\u0141.CH.D-VDH., EJS\u201914, CH.PL, C.I.B.<\/p><p style=\"margin: 0px; font-stretch: normal; font-size: 20px; line-height: normal; font-family: 'Helvetica Neue'; color: #676767;\">Matka: <b>AISHA Czar Krakowa<\/b>: CH.PL.W.<\/p><p style=\"margin: 0px; font-stretch: normal; font-size: 20px; line-height: normal; font-family: 'Helvetica Neue'; color: #676767;\">Ur. 30.05.2020<\/p>\t\t\t\t\t\t\t\t<\/div>\n\t\t\t\t<\/div>\n\t\t\t\t<div class=\"elementor-element elementor-element-0b48143 elementor-widget elementor-widget-heading\" data-id=\"0b48143\" data-element_type=\"widget\" data-widget_type=\"heading.default\">\n\t\t\t\t<div class=\"elementor-widget-container\">\n\t\t\t\t\t<h2 class=\"elementor-heading-title elementor-size-default\">Rodow\u00f3d Diamond:<\/h2>\t\t\t\t<\/div>\n\t\t\t\t<\/div>\n\t\t\t\t<div class=\"elementor-element elementor-element-5308104 elementor-widget elementor-widget-image\" data-id=\"5308104\" data-element_type=\"widget\" data-widget_type=\"image.default\">\n\t\t\t\t<div class=\"elementor-widget-container\">\n\t\t\t\t\t\t\t\t\t\t\t\t\t\t\t<img fetchpriority=\"high\" decoding=\"async\" width=\"1501\" height=\"387\" src=\"https:\/\/bialy-diament.pl\/wp-content\/uploads\/2024\/03\/Zrzut-ekranu-2024-03-19-o-22.07.26.png\" class=\"attachment-full size-full wp-image-939\" alt=\"\" srcset=\"https:\/\/bialy-diament.pl\/wp-content\/uploads\/2024\/03\/Zrzut-ekranu-2024-03-19-o-22.07.26.png 1501w, https:\/\/bialy-diament.pl\/wp-content\/uploads\/2024\/03\/Zrzut-ekranu-2024-03-19-o-22.07.26-300x77.png 300w, https:\/\/bialy-diament.pl\/wp-content\/uploads\/2024\/03\/Zrzut-ekranu-2024-03-19-o-22.07.26-1024x264.png 1024w, https:\/\/bialy-diament.pl\/wp-content\/uploads\/2024\/03\/Zrzut-ekranu-2024-03-19-o-22.07.26-768x198.png 768w\" sizes=\"(max-width: 1501px) 100vw, 1501px\" \/>\t\t\t\t\t\t\t\t\t\t\t\t\t\t\t<\/div>\n\t\t\t\t<\/div>\n\t\t\t\t<div class=\"elementor-element elementor-element-c68d6dd elementor-widget elementor-widget-heading\" data-id=\"c68d6dd\" data-element_type=\"widget\" data-widget_type=\"heading.default\">\n\t\t\t\t<div class=\"elementor-widget-container\">\n\t\t\t\t\t<h2 class=\"elementor-heading-title elementor-size-default\">Diamond jest mam\u0105 szczeni\u0105t:<\/h2>\t\t\t\t<\/div>\n\t\t\t\t<\/div>\n\t\t\t\t\t<\/div>\n\t\t<\/div>\n\t\t\t\t\t<\/div>\n\t\t<\/section>\n\t\t\t\t<section class=\"elementor-section elementor-top-section elementor-element elementor-element-8c6f18e elementor-section-boxed elementor-section-height-default elementor-section-height-default\" data-id=\"8c6f18e\" data-element_type=\"section\">\n\t\t\t\t\t\t<div class=\"elementor-container elementor-column-gap-default\">\n\t\t\t\t\t<div class=\"elementor-column elementor-col-20 elementor-top-column elementor-element elementor-element-d235a03\" data-id=\"d235a03\" data-element_type=\"column\">\n\t\t\t<div class=\"elementor-widget-wrap elementor-element-populated\">\n\t\t\t\t\t\t<div class=\"elementor-element elementor-element-38cecbf elementor-widget elementor-widget-heading\" data-id=\"38cecbf\" data-element_type=\"widget\" data-widget_type=\"heading.default\">\n\t\t\t\t<div class=\"elementor-widget-container\">\n\t\t\t\t\t<h2 class=\"elementor-heading-title elementor-size-default\"><a href=\"http:\/\/czar-klaudii.pl\/?post_type=e-landing-page&#038;p=613\">Miotu L<\/a><\/h2>\t\t\t\t<\/div>\n\t\t\t\t<\/div>\n\t\t\t\t\t<\/div>\n\t\t<\/div>\n\t\t\t\t<div class=\"elementor-column elementor-col-20 elementor-top-column elementor-element elementor-element-94e968a\" data-id=\"94e968a\" data-element_type=\"column\">\n\t\t\t<div class=\"elementor-widget-wrap\">\n\t\t\t\t\t\t\t<\/div>\n\t\t<\/div>\n\t\t\t\t<div class=\"elementor-column elementor-col-20 elementor-top-column elementor-element elementor-element-f5f8177\" data-id=\"f5f8177\" data-element_type=\"column\">\n\t\t\t<div class=\"elementor-widget-wrap\">\n\t\t\t\t\t\t\t<\/div>\n\t\t<\/div>\n\t\t\t\t<div class=\"elementor-column elementor-col-20 elementor-top-column elementor-element elementor-element-a845df8\" data-id=\"a845df8\" data-element_type=\"column\">\n\t\t\t<div class=\"elementor-widget-wrap\">\n\t\t\t\t\t\t\t<\/div>\n\t\t<\/div>\n\t\t\t\t<div class=\"elementor-column elementor-col-20 elementor-top-column elementor-element elementor-element-79460b4\" data-id=\"79460b4\" data-element_type=\"column\">\n\t\t\t<div class=\"elementor-widget-wrap\">\n\t\t\t\t\t\t\t<\/div>\n\t\t<\/div>\n\t\t\t\t\t<\/div>\n\t\t<\/section>\n\t\t\t\t<section class=\"elementor-section elementor-top-section elementor-element elementor-element-ff75537 elementor-section-boxed elementor-section-height-default elementor-section-height-default\" data-id=\"ff75537\" data-element_type=\"section\">\n\t\t\t\t\t\t<div class=\"elementor-container elementor-column-gap-default\">\n\t\t\t\t\t<div class=\"elementor-column elementor-col-100 elementor-top-column elementor-element elementor-element-dfd0b39\" data-id=\"dfd0b39\" data-element_type=\"column\">\n\t\t\t<div class=\"elementor-widget-wrap elementor-element-populated\">\n\t\t\t\t\t\t<div class=\"elementor-element elementor-element-f278c9d elementor-widget elementor-widget-image-gallery\" data-id=\"f278c9d\" data-element_type=\"widget\" data-widget_type=\"image-gallery.default\">\n\t\t\t\t<div class=\"elementor-widget-container\">\n\t\t\t\t\t\t\t<div class=\"elementor-image-gallery\">\n\t\t\t<div id='gallery-1' class='gallery galleryid-517 gallery-columns-2 gallery-size-medium_large'><figure class='gallery-item'>\n\t\t\t<div class='gallery-icon portrait'>\n\t\t\t\t<a data-elementor-open-lightbox=\"yes\" data-elementor-lightbox-slideshow=\"f278c9d\" data-elementor-lightbox-title=\"PKR_III-89415-M\u0141CHPL\" data-e-action-hash=\"#elementor-action%3Aaction%3Dlightbox%26settings%3DeyJpZCI6NTI1LCJ1cmwiOiJodHRwczpcL1wvYmlhbHktZGlhbWVudC5wbFwvd3AtY29udGVudFwvdXBsb2Fkc1wvMjAyMlwvMTBcL1BLUl9JSUktODk0MTUtTUxDSFBMLmpwZyIsInNsaWRlc2hvdyI6ImYyNzhjOWQifQ%3D%3D\" href='https:\/\/bialy-diament.pl\/wp-content\/uploads\/2022\/10\/PKR_III-89415-MLCHPL.jpg'><img decoding=\"async\" width=\"595\" height=\"842\" src=\"https:\/\/bialy-diament.pl\/wp-content\/uploads\/2022\/10\/PKR_III-89415-MLCHPL.jpg\" class=\"attachment-medium_large size-medium_large\" alt=\"\" srcset=\"https:\/\/bialy-diament.pl\/wp-content\/uploads\/2022\/10\/PKR_III-89415-MLCHPL.jpg 595w, https:\/\/bialy-diament.pl\/wp-content\/uploads\/2022\/10\/PKR_III-89415-MLCHPL-212x300.jpg 212w\" sizes=\"(max-width: 595px) 100vw, 595px\" \/><\/a>\n\t\t\t<\/div><\/figure><figure class='gallery-item'>\n\t\t\t<div class='gallery-icon portrait'>\n\t\t\t\t<a data-elementor-open-lightbox=\"yes\" data-elementor-lightbox-slideshow=\"f278c9d\" data-elementor-lightbox-title=\"champion kiki\" data-e-action-hash=\"#elementor-action%3Aaction%3Dlightbox%26settings%3DeyJpZCI6NzkzLCJ1cmwiOiJodHRwczpcL1wvYmlhbHktZGlhbWVudC5wbFwvd3AtY29udGVudFwvdXBsb2Fkc1wvMjAyM1wvMDNcL2NoYW1waW9uLWtpa2kuanBnIiwic2xpZGVzaG93IjoiZjI3OGM5ZCJ9\" href='https:\/\/bialy-diament.pl\/wp-content\/uploads\/2023\/03\/champion-kiki.jpg'><img decoding=\"async\" width=\"595\" height=\"842\" src=\"https:\/\/bialy-diament.pl\/wp-content\/uploads\/2023\/03\/champion-kiki.jpg\" class=\"attachment-medium_large size-medium_large\" alt=\"\" srcset=\"https:\/\/bialy-diament.pl\/wp-content\/uploads\/2023\/03\/champion-kiki.jpg 595w, https:\/\/bialy-diament.pl\/wp-content\/uploads\/2023\/03\/champion-kiki-212x300.jpg 212w\" sizes=\"(max-width: 595px) 100vw, 595px\" \/><\/a>\n\t\t\t<\/div><\/figure>\n\t\t<\/div>\n\t\t<\/div>\n\t\t\t\t\t\t<\/div>\n\t\t\t\t<\/div>\n\t\t\t\t<div class=\"elementor-element elementor-element-3c99956 elementor-widget elementor-widget-image-gallery\" data-id=\"3c99956\" data-element_type=\"widget\" data-widget_type=\"image-gallery.default\">\n\t\t\t\t<div class=\"elementor-widget-container\">\n\t\t\t\t\t\t\t<div class=\"elementor-image-gallery\">\n\t\t\t<div id='gallery-2' class='gallery galleryid-517 gallery-columns-3 gallery-size-full'><figure class='gallery-item'>\n\t\t\t<div class='gallery-icon landscape'>\n\t\t\t\t<a data-elementor-open-lightbox=\"yes\" data-elementor-lightbox-slideshow=\"3c99956\" data-elementor-lightbox-title=\"IMG_7461\" data-e-action-hash=\"#elementor-action%3Aaction%3Dlightbox%26settings%3DeyJpZCI6NjM1LCJ1cmwiOiJodHRwczpcL1wvYmlhbHktZGlhbWVudC5wbFwvd3AtY29udGVudFwvdXBsb2Fkc1wvMjAyMlwvMTBcL0lNR183NDYxLmpwZyIsInNsaWRlc2hvdyI6IjNjOTk5NTYifQ%3D%3D\" href='https:\/\/bialy-diament.pl\/wp-content\/uploads\/2022\/10\/IMG_7461.jpg'><img loading=\"lazy\" decoding=\"async\" width=\"826\" height=\"543\" src=\"https:\/\/bialy-diament.pl\/wp-content\/uploads\/2022\/10\/IMG_7461.jpg\" class=\"attachment-full size-full\" alt=\"\" srcset=\"https:\/\/bialy-diament.pl\/wp-content\/uploads\/2022\/10\/IMG_7461.jpg 826w, https:\/\/bialy-diament.pl\/wp-content\/uploads\/2022\/10\/IMG_7461-300x197.jpg 300w, https:\/\/bialy-diament.pl\/wp-content\/uploads\/2022\/10\/IMG_7461-768x505.jpg 768w\" sizes=\"(max-width: 826px) 100vw, 826px\" \/><\/a>\n\t\t\t<\/div><\/figure><figure class='gallery-item'>\n\t\t\t<div class='gallery-icon landscape'>\n\t\t\t\t<a data-elementor-open-lightbox=\"yes\" data-elementor-lightbox-slideshow=\"3c99956\" data-elementor-lightbox-title=\"IMG_8685\" data-e-action-hash=\"#elementor-action%3Aaction%3Dlightbox%26settings%3DeyJpZCI6NjMwLCJ1cmwiOiJodHRwczpcL1wvYmlhbHktZGlhbWVudC5wbFwvd3AtY29udGVudFwvdXBsb2Fkc1wvMjAyMlwvMTBcL0lNR184Njg1LXNjYWxlZC5qcGciLCJzbGlkZXNob3ciOiIzYzk5OTU2In0%3D\" href='https:\/\/bialy-diament.pl\/wp-content\/uploads\/2022\/10\/IMG_8685-scaled.jpg'><img loading=\"lazy\" decoding=\"async\" width=\"2560\" height=\"1920\" src=\"https:\/\/bialy-diament.pl\/wp-content\/uploads\/2022\/10\/IMG_8685-scaled.jpg\" class=\"attachment-full size-full\" alt=\"\" srcset=\"https:\/\/bialy-diament.pl\/wp-content\/uploads\/2022\/10\/IMG_8685-scaled.jpg 2560w, https:\/\/bialy-diament.pl\/wp-content\/uploads\/2022\/10\/IMG_8685-300x225.jpg 300w, https:\/\/bialy-diament.pl\/wp-content\/uploads\/2022\/10\/IMG_8685-1024x768.jpg 1024w, https:\/\/bialy-diament.pl\/wp-content\/uploads\/2022\/10\/IMG_8685-768x576.jpg 768w, https:\/\/bialy-diament.pl\/wp-content\/uploads\/2022\/10\/IMG_8685-1536x1152.jpg 1536w, https:\/\/bialy-diament.pl\/wp-content\/uploads\/2022\/10\/IMG_8685-2048x1536.jpg 2048w, https:\/\/bialy-diament.pl\/wp-content\/uploads\/2022\/10\/IMG_8685-1920x1440.jpg 1920w\" sizes=\"(max-width: 2560px) 100vw, 2560px\" \/><\/a>\n\t\t\t<\/div><\/figure><figure class='gallery-item'>\n\t\t\t<div class='gallery-icon landscape'>\n\t\t\t\t<a data-elementor-open-lightbox=\"yes\" data-elementor-lightbox-slideshow=\"3c99956\" data-elementor-lightbox-title=\"IMG_2267\" data-e-action-hash=\"#elementor-action%3Aaction%3Dlightbox%26settings%3DeyJpZCI6NjMzLCJ1cmwiOiJodHRwczpcL1wvYmlhbHktZGlhbWVudC5wbFwvd3AtY29udGVudFwvdXBsb2Fkc1wvMjAyMlwvMTBcL0lNR18yMjY3LXNjYWxlZC5qcGciLCJzbGlkZXNob3ciOiIzYzk5OTU2In0%3D\" href='https:\/\/bialy-diament.pl\/wp-content\/uploads\/2022\/10\/IMG_2267-scaled.jpg'><img loading=\"lazy\" decoding=\"async\" width=\"2560\" height=\"1707\" src=\"https:\/\/bialy-diament.pl\/wp-content\/uploads\/2022\/10\/IMG_2267-scaled.jpg\" class=\"attachment-full size-full\" alt=\"\" srcset=\"https:\/\/bialy-diament.pl\/wp-content\/uploads\/2022\/10\/IMG_2267-scaled.jpg 2560w, https:\/\/bialy-diament.pl\/wp-content\/uploads\/2022\/10\/IMG_2267-300x200.jpg 300w, https:\/\/bialy-diament.pl\/wp-content\/uploads\/2022\/10\/IMG_2267-1024x683.jpg 1024w, https:\/\/bialy-diament.pl\/wp-content\/uploads\/2022\/10\/IMG_2267-768x512.jpg 768w, https:\/\/bialy-diament.pl\/wp-content\/uploads\/2022\/10\/IMG_2267-1536x1024.jpg 1536w, https:\/\/bialy-diament.pl\/wp-content\/uploads\/2022\/10\/IMG_2267-2048x1365.jpg 2048w, https:\/\/bialy-diament.pl\/wp-content\/uploads\/2022\/10\/IMG_2267-1920x1280.jpg 1920w\" sizes=\"(max-width: 2560px) 100vw, 2560px\" \/><\/a>\n\t\t\t<\/div><\/figure><figure class='gallery-item'>\n\t\t\t<div class='gallery-icon portrait'>\n\t\t\t\t<a data-elementor-open-lightbox=\"yes\" data-elementor-lightbox-slideshow=\"3c99956\" data-elementor-lightbox-title=\"IMG_3966\" data-e-action-hash=\"#elementor-action%3Aaction%3Dlightbox%26settings%3DeyJpZCI6NjI5LCJ1cmwiOiJodHRwczpcL1wvYmlhbHktZGlhbWVudC5wbFwvd3AtY29udGVudFwvdXBsb2Fkc1wvMjAyMlwvMTBcL0lNR18zOTY2LmpwZyIsInNsaWRlc2hvdyI6IjNjOTk5NTYifQ%3D%3D\" href='https:\/\/bialy-diament.pl\/wp-content\/uploads\/2022\/10\/IMG_3966.jpg'><img loading=\"lazy\" decoding=\"async\" width=\"1695\" height=\"2009\" src=\"https:\/\/bialy-diament.pl\/wp-content\/uploads\/2022\/10\/IMG_3966.jpg\" class=\"attachment-full size-full\" alt=\"\" srcset=\"https:\/\/bialy-diament.pl\/wp-content\/uploads\/2022\/10\/IMG_3966.jpg 1695w, https:\/\/bialy-diament.pl\/wp-content\/uploads\/2022\/10\/IMG_3966-253x300.jpg 253w, https:\/\/bialy-diament.pl\/wp-content\/uploads\/2022\/10\/IMG_3966-864x1024.jpg 864w, https:\/\/bialy-diament.pl\/wp-content\/uploads\/2022\/10\/IMG_3966-768x910.jpg 768w, https:\/\/bialy-diament.pl\/wp-content\/uploads\/2022\/10\/IMG_3966-1296x1536.jpg 1296w\" sizes=\"(max-width: 1695px) 100vw, 1695px\" \/><\/a>\n\t\t\t<\/div><\/figure><figure class='gallery-item'>\n\t\t\t<div class='gallery-icon landscape'>\n\t\t\t\t<a data-elementor-open-lightbox=\"yes\" data-elementor-lightbox-slideshow=\"3c99956\" data-elementor-lightbox-title=\"IMG_2264\" data-e-action-hash=\"#elementor-action%3Aaction%3Dlightbox%26settings%3DeyJpZCI6NjMxLCJ1cmwiOiJodHRwczpcL1wvYmlhbHktZGlhbWVudC5wbFwvd3AtY29udGVudFwvdXBsb2Fkc1wvMjAyMlwvMTBcL0lNR18yMjY0LXNjYWxlZC5qcGciLCJzbGlkZXNob3ciOiIzYzk5OTU2In0%3D\" href='https:\/\/bialy-diament.pl\/wp-content\/uploads\/2022\/10\/IMG_2264-scaled.jpg'><img loading=\"lazy\" decoding=\"async\" width=\"2560\" height=\"2560\" src=\"https:\/\/bialy-diament.pl\/wp-content\/uploads\/2022\/10\/IMG_2264-scaled.jpg\" class=\"attachment-full size-full\" alt=\"\" srcset=\"https:\/\/bialy-diament.pl\/wp-content\/uploads\/2022\/10\/IMG_2264-scaled.jpg 2560w, https:\/\/bialy-diament.pl\/wp-content\/uploads\/2022\/10\/IMG_2264-300x300.jpg 300w, https:\/\/bialy-diament.pl\/wp-content\/uploads\/2022\/10\/IMG_2264-1024x1024.jpg 1024w, https:\/\/bialy-diament.pl\/wp-content\/uploads\/2022\/10\/IMG_2264-150x150.jpg 150w, https:\/\/bialy-diament.pl\/wp-content\/uploads\/2022\/10\/IMG_2264-768x768.jpg 768w, https:\/\/bialy-diament.pl\/wp-content\/uploads\/2022\/10\/IMG_2264-1536x1536.jpg 1536w, https:\/\/bialy-diament.pl\/wp-content\/uploads\/2022\/10\/IMG_2264-2048x2048.jpg 2048w, https:\/\/bialy-diament.pl\/wp-content\/uploads\/2022\/10\/IMG_2264-1920x1920.jpg 1920w, https:\/\/bialy-diament.pl\/wp-content\/uploads\/2022\/10\/IMG_2264-70x70.jpg 70w\" sizes=\"(max-width: 2560px) 100vw, 2560px\" \/><\/a>\n\t\t\t<\/div><\/figure><figure class='gallery-item'>\n\t\t\t<div class='gallery-icon portrait'>\n\t\t\t\t<a data-elementor-open-lightbox=\"yes\" data-elementor-lightbox-slideshow=\"3c99956\" data-elementor-lightbox-title=\"IMG_7054\" data-e-action-hash=\"#elementor-action%3Aaction%3Dlightbox%26settings%3DeyJpZCI6NjM0LCJ1cmwiOiJodHRwczpcL1wvYmlhbHktZGlhbWVudC5wbFwvd3AtY29udGVudFwvdXBsb2Fkc1wvMjAyMlwvMTBcL0lNR183MDU0LXNjYWxlZC5qcGciLCJzbGlkZXNob3ciOiIzYzk5OTU2In0%3D\" href='https:\/\/bialy-diament.pl\/wp-content\/uploads\/2022\/10\/IMG_7054-scaled.jpg'><img loading=\"lazy\" decoding=\"async\" width=\"1552\" height=\"2560\" src=\"https:\/\/bialy-diament.pl\/wp-content\/uploads\/2022\/10\/IMG_7054-scaled.jpg\" class=\"attachment-full size-full\" alt=\"\" srcset=\"https:\/\/bialy-diament.pl\/wp-content\/uploads\/2022\/10\/IMG_7054-scaled.jpg 1552w, https:\/\/bialy-diament.pl\/wp-content\/uploads\/2022\/10\/IMG_7054-182x300.jpg 182w, https:\/\/bialy-diament.pl\/wp-content\/uploads\/2022\/10\/IMG_7054-621x1024.jpg 621w, https:\/\/bialy-diament.pl\/wp-content\/uploads\/2022\/10\/IMG_7054-768x1267.jpg 768w, https:\/\/bialy-diament.pl\/wp-content\/uploads\/2022\/10\/IMG_7054-931x1536.jpg 931w, https:\/\/bialy-diament.pl\/wp-content\/uploads\/2022\/10\/IMG_7054-1242x2048.jpg 1242w, https:\/\/bialy-diament.pl\/wp-content\/uploads\/2022\/10\/IMG_7054-1920x3167.jpg 1920w\" sizes=\"(max-width: 1552px) 100vw, 1552px\" \/><\/a>\n\t\t\t<\/div><\/figure>\n\t\t<\/div>\n\t\t<\/div>\n\t\t\t\t\t\t<\/div>\n\t\t\t\t<\/div>\n\t\t\t\t\t<\/div>\n\t\t<\/div>\n\t\t\t\t\t<\/div>\n\t\t<\/section>\n\t\t\t\t<\/div>\n\t\t","protected":false},"excerpt":{"rendered":"<p>DIAMOND Czar Klaudii CMO-0 M\u0142odzie\u017cowy Champion Polski Champion Polski Ojciec: SHOWMAN FROM Superbia: M\u0141.CH.PL., M\u0141.CH.HU, M\u0141.CH.SK, M\u0141.CH.D-VDH., EJS\u201914, CH.PL, C.I.B. Matka: AISHA Czar Krakowa: CH.PL.W. Ur. 30.05.2020 Rodow\u00f3d Diamond: Diamond&hellip;<\/p>\n","protected":false},"author":1,"featured_media":0,"parent":0,"menu_order":0,"comment_status":"closed","ping_status":"closed","template":"","meta":{"footnotes":""},"class_list":["post-517","page","type-page","status-publish","hentry"],"_links":{"self":[{"href":"https:\/\/bialy-diament.pl\/index.php?rest_route=\/wp\/v2\/pages\/517","targetHints":{"allow":["GET"]}}],"collection":[{"href":"https:\/\/bialy-diament.pl\/index.php?rest_route=\/wp\/v2\/pages"}],"about":[{"href":"https:\/\/bialy-diament.pl\/index.php?rest_route=\/wp\/v2\/types\/page"}],"author":[{"embeddable":true,"href":"https:\/\/bialy-diament.pl\/index.php?rest_route=\/wp\/v2\/users\/1"}],"replies":[{"embeddable":true,"href":"https:\/\/bialy-diament.pl\/index.php?rest_route=%2Fwp%2Fv2%2Fcomments&post=517"}],"version-history":[{"count":28,"href":"https:\/\/bialy-diament.pl\/index.php?rest_route=\/wp\/v2\/pages\/517\/revisions"}],"predecessor-version":[{"id":1241,"href":"https:\/\/bialy-diament.pl\/index.php?rest_route=\/wp\/v2\/pages\/517\/revisions\/1241"}],"wp:attachment":[{"href":"https:\/\/bialy-diament.pl\/index.php?rest_route=%2Fwp%2Fv2%2Fmedia&parent=517"}],"curies":[{"name":"wp","href":"https:\/\/api.w.org\/{rel}","templated":true}]}}